In base 2, what is 100000 - 10111101?
-10011101
In base 15, what is 18a95 - 10?
18a85
In base 2, what is -1010100101111001 + -10?
-1010100101111011
In base 4, what is -122131 + -131?
-122322
In base 7, what is 42315 + -4?
42311
In base 4, what is 0 + 32201233?
32201233
In base 12, what is -454 + -146a?
-1902
In base 7, what is -66350 - 63?
-66443
In base 14, what is 7645 + -3?
7642
In base 4, what is -1 - 203313020?
-203313021
In base 11, what is 89 - 1086?
-aa8
In base 5, what is 232 + -443?
-211
In base 3, what is 120212 - 11212?
102000
In base 13, what is 5 - -28350?
28355
In base 10, what is 14 + 33972?
33986
In base 13, what is -584a - -1?
-5849
In base 12, what is 326 + 95?
3bb
In base 14, what is 40a5 + -2?
40a3
In base 8, what is -4 - -1455?
1451
In base 15, what is a40 - -5?
a45
In base 15, what is -2 + -1b9171?
-1b9173
In base 3, what is 22211022 - 10?
22211012
In base 2, what is -101100001110100 + -10001?
-101100010000101
In base 6, what is 5 - -51534?
51543
In base 14, what is -12819 + -9?
-12824
In base 6, what is -13324142 - 4?
-13324150
In base 12, what is 3b97 + 2b?
4006
In base 3, what is 222212 + -200122?
22020
In base 13, what is -914c - 3?
-9152
In base 15, what is 26e7 - 36?
26b1
In base 2, what is -10 - -10001001010001100?
10001001010001010
In base 10, what is -5 - -16138?
16133
In base 2, what is 11101101001100010 + 1?
11101101001100011
In base 6, what is 31 - 313445?
-313414
In base 2, what is -10110001101100100101 + 0?
-10110001101100100101
In base 13, what is 13 + -294?
-281
In base 14, what is -1652 - -2?
-1650
In base 3, what is 22220101 + 2120?
22222221
In base 9, what is 368 + 477?
856
In base 3, what is 11011212 - 1100?
11010112
In base 8, what is -1010 + -222?
-1232
In base 8, what is 1255 + -64?
1171
In base 5, what is -100132 + 211?
-44421
In base 7, what is 1254554 - -1?
1254555
In base 5, what is 34331 + 11?
34342
In base 14, what is -36480 - b?
-3648b
In base 12, what is -157 - -7?
-150
In base 5, what is 4210 - 32413?
-23203
In base 13, what is 0 - -1062b?
1062b
In base 9, what is 5384 - -24?
5418
In base 3, what is -10002121 - -12012?
-2220102
In base 9, what is 80 + 870?
1060
In base 3, what is 20112221 - 11?
20112210
In base 9, what is 2 + 22885?
22887
In base 15, what is -b3c1d + 3?
-b3c1a
In base 12, what is 14183 - 5?
1417a
In base 4, what is -13222002 + -3?
-13222011
In base 14, what is -68720 - 1?
-68721
In base 14, what is 3 - c715c?
-c7159
In base 11, what is 11 + 5a6?
607
In base 14, what is 163 + -384?
-221
In base 5, what is -11330423 + 0?
-11330423
In base 10, what is 148 - 335?
-187
In base 6, what is 4 + -1104412?
-1104404
In base 12, what is 527a7 + 4?
527ab
In base 2, what is 1000010 - 1100011000?
-1011010110
In base 14, what is -205a0 + 6?
-20598
In base 13, what is -18a22 - -6?
-18a19
In base 7, what is 165215 + -5?
165210
In base 5, what is 4 - -120140?
120144
In base 9, what is 22774 + 6?
22781
In base 11, what is -2385 - 55?
-242a
In base 6, what is -4 + 2114115?
2114111
In base 14, what is 4 - -407c?
4082
In base 16, what is 3 - -7506?
7509
In base 8, what is 11433 - -2?
11435
In base 9, what is -111 - -525?
414
In base 2, what is 11 - -10011010100100011?
10011010100100110
In base 4, what is -2002 + 1201203?
1133201
In base 14, what is -6abc1 + 5?
-6abba
In base 7, what is -2 + -10243511?
-10243513
In base 7, what is 6531363 + 2?
6531365
In base 2, what is 110111011000 + -110011?
110110100101
In base 14, what is -1d8 + 16?
-1c2
In base 9, what is -5 + -28674?
-28680
In base 10, what is -20 - -16956?
16936
In base 3, what is 11120212222 - 10?
11120212212
In base 6, what is -42535 + 52?
-42443
In base 14, what is 7 - -c3160?
c3167
In base 11, what is -1 + 6543?
6542
In base 9, what is 2 + -13250?
-13247
In base 14, what is -b451 + -2?
-b453
In base 15, what is -1 - -6645?
6644
In base 2, what is -11111 - 11001001101?
-11001101100
In base 10, what is -21080 - 59?
-21139
In base 12, what is -1 - -3231?
3230
In base 6, what is 13505 - 33?
13432
In base 16, what is 25bc8c - 0?
25bc8c
In base 12, what is -1 - -917aa?
917a9
In base 12, what is 428 - 72?
376
In base 4, what is -23313123 - -2?
-23313121
In base 13, what is 326a14 - -1?
326a15
In base 11, what is 385 - 125?
260
In base 13, what is 9c - 3a9?
-30a
In base 16, what is bdea + -2?
bde8
In base 2, what is 100111 + -11100100?
-10111101
In base 5, what is 4430 + 30020?
40000
In base 12, what is 0 - -3bbb2?
3bbb2
In base 16, what is 2978f - 1?
2978e
In base 4, what is 3 + 3300202311?
3300202320
In base 3, what is 201222 - 2102001?
-1200002
In base 16, what is 11a + 263?
37d
In base 6, what is -5 + -141511?
-141520
In base 11, what is 16a16 + -5?
16a11
In base 8, what is 160725 + 33?
160760
In base 9, what is 220 - 633?
-413
In base 4, what is 101033 - 1?
101032
In base 9, what is -53455 - 35?
-53501
In base 7, what is 21044 - -162?
21236
In base 3, what is -10100220010 - -12?
-10100212221
In base 3, what is 12222202 + -10200?
12212002
In base 3, what is -1202002110122 - 11?
-1202002110210
In base 5, what is 422024443 - -1?
422024444
In base 2, what is -100 + -10111111001111?
-10111111010011
In base 16, what is -17 + -751?
-768
In base 2, what is 10001 + 1010110001000000?
1010110001010001
In base 7, what is -3 + 132423?
132420
In base 10, what is -77 + 148?
71
In base 12, what is 5 + -8a?
-85
In base 4, what is 1 - -3213323?
3213330
In base 14, what is -2629 - 27b?
-28a6
In base 11, what is -4a + 1675?
1626
In base 14, what is -6 - -119cc7?
119cc1
In base 10, what is -797 + 113?
-684
In base 6, what is 200 + -204?
-4
In base 11, what is 1051 - -11?
1062
In base 6, what is 52344 - -1?
52345
In base 2, what is -110000011 - -1000101?
-100111110
In base 12, what is 127 - 1649?
-1522
In base 8, what is 2730 + 420?
3350
In base 14, what is -5bac - -1?
-5bab
In base 5, what is -22 + 2310043?
2310021
In base 12, what is -b9 - -8575?
8478
In base 11, what is -13 - 21a4?
-2207
In base 7, what is -5 - 400236?
-400244
In base 5, what is 421 + 23?
444
In base 14, what is 23 - 33ac?
-3389
In base 2, what is -1100000011111 + 10?
-1100000011101
In base 5, what is 3 + 1301330?
1301333
In base 2, what is 10011 + -110111110100110?
-110111110010011
In base 2, what is 111010100000011111 - 1100?
111010100000010011
In base 15, what is 4 + 48aa3?
48aa7
In base 10, what is 13 - 55852?
-55839
In base 15, what is -5d + 9e?
41
In base 13, what is 19 + -1207?
-11bb
In base 15, what is 2e - -844?
873
In base 2, what is -10110000011000011101 - -100?
-10110000011000011001
In base 6, what is -403515 + -1?
-403520
In base 4, what is 3220313 + 11?
3220330
In base 12, what is -11 - -55739?
55728
In base 13, what is 3 + -795?
-792
In base 16, what is -2ebe - 82?
-2f40
In base 2, what is 1 - -10000100011110010?
10000100011110011
In base 4, what is 3 - 30323010?
-30323001
In base 5, what is -42304301 - -1?
-42304300
In base 13, what is -52707 - c?
-52716
In base 4, what is 1 - -30122103?
30122110
In base 15, what is -23 + a96?
a73
In base 16, what is -557 + 3c?
-51b
In base 3, what is -20 + 221102021?
221102001
In base 9, what is 5226106 - -4?
5226111
In base 8, what is 5 - 145275?
-145270
In base 3, what is -22 - 221020122?
-221020221
In base 13, what is -b1c15 - -2?
-b1c13
In base 12, what is -a3 - 353?
-436
In base 16, what is -162 + 26bd?
255b
In base 13, what is 13 - -2c94?
2ca7
In base 15, what is -12 + -67e?
-691
In base 4, what is 3 - 22223102?
-22223033
In base 7, what is -3 + -31364?
-31400
In base 10, what is -29572 - 3?
-29575
In base 12, what is -1697 - 1b?
-16b6
In base 14, what is -104b - 13?
-1060
In base 3, what is 202222102010 - 2?
202222102001
In base 11, what is 180478a - 0?
180478a
In base 5, what is 203 - 21340?
-21132
In base 7, what is 34156 - 60?
34066
In base 16, what is -4 - 6e1?
-6e5
In base 4, what is 33232332311 - 3?
33232332302
In base 14, what is 7b2 + 68a?
105c
In base 12, what is 1 + -30739?
-30738
In base 6, what is 1251 + 14?
1305
In base 7, what is -3363 - -21?
-3342
In base 11, what is -10203 - 18?
-10220
In base 11, what is 225 + 218?
442
In base 16, what is -d4071 + -5?
-d4076
In base 12, what is -2420 - 6?
-2426
In base 8, what is -10 - 310507?
-310517
In base 5, what is 1 + 12010404?
12010410
In base 3, what is -111020020 + 101?